uppose a*u - 3 = 17. Let l(s) = s**3 - 4*s**2 - 8*s + 7. Give l(u).
-8
Let f(h) = -h**3 + 6*h - 5. Let i(v) = -v**2 + 3*v**3 - 62 + 44 - 17*v + 33. Let x(s) = -8*f(s) - 3*i(s). Let l(m) = 3*m + 1. Let w be l(1). What is x(w)?
-9
Let q(k) = 2*k + 6. Suppose 0 = 5*f + 15, 4*v + 4*f = 3 + 1. Let t be v/(-7) - (-558)/(-126). Determine q(t).
-4
Let u(j) = -6*j + 7. Let z(o) be the first derivative of 3/2*o**2 - 4 - 4*o. Let v(k) = 3*u(k) + 5*z(k). What is v(-1)?
4
Suppose 0 = -11*o + 18*o + 11*o. Let r(z) = -z**3 + z**2 + z - 16. What is r(o)?
-16
Let u(a) = -a**3 + 6*a**2 - a - 1. Let y(n) = -2*n + 13*n - n**2 - 12*n. Let i(t) = u(t) + 2*y(t). Let s(b) = -2*b - 5. Let f be s(-4). Determine i(f).
-1
Let s(c) = c**3 - 8*c**2 - 8*c + 2. Let x = 198 + -189. Determine s(x).
11
Suppose 3*d + 2*d - 25 = 0. Let y be ((0/d)/(-1))/2. Let q(a) = 0*a - 7 + y*a**2 + 8*a + 0*a - a**2. Determine q(6).
5
Let h(m) be the first derivative of -7*m**5/120 + m**4/24 + 12*m**3 + 26. Let t(k) be the third derivative of h(k). Determine t(-1).
8
Suppose -3*a = 147 - 399. Let q = a - 88. Let t(g) = g + 2. Give t(q).
-2
Let m(t) = t**2 - 11*t + 13. Let o(h) = 4*h + 1. Let l be o(2). Calculate m(l).
-5
Suppose 0 = i, -3*i + 7*i = 5*g - 15. Let f = g + -1. Let r(w) be the first derivative of 3*w**2/2 + w + 18. Give r(f).
7
Let l(z) be the first derivative of z**4/4 - 13*z**3/3 - z**2/2 + 24*z - 65. What is l(13)?
11
Suppose -5*y - 3*r = 0, -3*y = -2*y - r. Let i(n) = 4*n + n - 4*n - 1 + y*n. Suppose -5*q - 5*u + 0 = -5, 0 = 3*q - 5*u + 29. Calculate i(q).
-4
Let m(c) = -c. Let r(a) = 4*a - 1. Let i(w) = 3*m(w) + r(w). Let q(z) = -3*z + 2. Let u be q(0). Suppose -u*o - 19 + 9 = 0. Determine i(o).
-6
Suppose q = -2*q + 6. Let h(f) = 3 + q + 2 + 6 + f. What is h(-8)?
5
Let a(s) be the first derivative of -s**3/3 + 5*s**2 + 5*s + 450. Give a(10).
5
Let x(t) = 3*t**2 + t + 7. Let c(u) = -u**2 - u - 1. Suppose -z - 15 = 14*z. Let h(n) = z*x(n) - 2*c(n). Determine h(0).
-5
Let n(h) = 18*h - 172. Let l be n(10). Let a(s) = -s**2 + 9*s - 6. What is a(l)?
2
Let r(u) = u - 6. Let q be (-267)/(-178)*(-1 - 22/6). Give r(q).
-13
Let l(m) = 32*m + 9. Let g = 75 + -79. Let q(t) = 17*t + 5. Let j(n) = g*l(n) + 7*q(n). Give j(-2).
17
Suppose 11*c - 10*c - 7 = 0. Suppose -c*g = -0*g. Let v(x) = 6*x + 6*x - 2 - 11*x. Calculate v(g).
-2
Let d(o) = -10*o**3 - o**2. Let f(m) = -m**3 + 4*m**2 + 15*m - 51. Let y be f(5). What is d(y)?
9
Suppose 0 = -4*w + 5*j - 58, w - 2*j + 64 = -3*w. Let o(k) = k**2 + 18*k + 12. What is o(w)?
-5
Let x(w) = -w**2 - 7*w + 4. Suppose -2*b + 2*b - 2*b = 0. Suppose 2*k - 7*k - 40 = 5*d, b = 2*k + 3*d + 17. Determine x(k).
4
Suppose 0 = -5*r - 4 + 24. Suppose -3*b + 5 = 5*h - r*h, -3*b = -2*h - 17. Suppose -b*s = -8*s - 20. Let q(c) = -c**2 - 3*c - 3. Calculate q(s).
-7
Let u(s) = -16*s**3 - s. Let w be 3/6 - (-105)/(-70). What is u(w)?
17
Let l = -11 + 6. Let x(v) = -3*v - 1. Let u(d) = d**2 - 1. Let j(h) = u(h) - x(h). Give j(l).
10
Let i(q) = 1 - 53*q**2 + 68*q**2 - 28*q**2 - 20*q**2. Determine i(1).
-32
Let k be ((-10)/(-6) + 1)*99/(-44). Let o(a) = -2*a**2 - 9*a - 1. Give o(k).
-19
Let j(z) = 2*z**2 + 1 + 4*z**2 - 7*z - 5 + 6*z - 3*z**2. What is j(-3)?
26
Let l be -5 + 3/(-3) - -1. Let k = 10 + l. Let m(t) be the third derivative of t**5/60 - t**4/4 + 5*t**3/6 - 8*t**2. What is m(k)?
0
Suppose c + 35 = -0*c. Suppose -2*k = -4*t + 327 + 185, 3*t - 390 = 3*k. Let u be t/c - (-2)/(-5). Let n(w) = w**3 + 4*w**2 - 2*w - 5. Determine n(u).
3
Suppose -66*d - 372 - 90 = 0. Let j(o) = o + 1. What is j(d)?
-6
Let r(c) = 10 + 3*c - 3*c**2 - c**2 - 2*c**3 + 0. Let n = 49 + -52. Let g(a) = -3*a**3 - 9*a**2 + 7*a + 19. Let h(u) = n*g(u) + 5*r(u). Calculate h(6).
-7
Let f = 0 + 0. Let c(z) = f*z**2 - z + 0*z**2 + 2*z**2 + z**3 - 3 + 2. What is c(-3)?
-7
Suppose 15 = -c - 18. Let y be 93/c - 18/99. Let j(b) be the third derivative of -b**4/12 - b**3/2 - b**2. Calculate j(y).
3
Suppose 3*b + 5 = z - 7, 0 = -4*z + 3*b + 21. Suppose z*m - 3 = -0. Let i(q) = -2*q + 1. Give i(m).
-1
Let h(t) = 3 + t + 2*t - t**3 - 1. Let c be (-4 + (-78)/(-18))/((-1)/6). Give h(c).
4
Let p = -34 + 50. Let h be 2/(-4)*32/p. Let w(m) = -2*m**3 - m**2 - m - 1. What is w(h)?
1
Let z = -81 + 79. Let y(r) be the first derivative of 1/3*r**3 + 3/2*r**2 - 2 + r. Calculate y(z).
-1
Let t = -15 - -20. Suppose -t*n + 9 = 14. Let v(h) = -2*h. What is v(n)?
2
Let k(v) = -38 + 7 - 4*v + 7 + 3 + 13. Give k(-7).
20
Let h(u) = 8*u + 3. Let k(t) = 9*t + 4. Let x(g) = 5*h(g) - 4*k(g). Let q = -30 - 4. Let l be -5*(q/(-10) + -3). Calculate x(l).
-9
Let q(i) = i. Let l be q(4). Let k(f) = -3*f - f + 5*f + 6 + 3*f**2 + 3*f. Let u(d) = -4*d**2 - 4*d - 7. Let v(c) = -5*k(c) - 4*u(c). What is v(l)?
-2
Let r(k) = -2*k**3 - 2*k + 1. Let z(s) = s - 4*s - 9 + s + s. Let g be z(-10). Let x be g/(2 - (3 - 2)). Calculate r(x).
-3
Let q = -578 - -585. Let f(i) = i**3 - 7*i**2 - 3*i + 17. Give f(q).
-4
Let n be (-6)/21 - (-6)/21. Let r(k) be the first derivative of 6 + 1/3*k**3 + n*k - k**2. Give r(2).
0
Let b be 5 - 1 - (11 + -4) - -1. Let f(n) be the second derivative of n**4/4 - n**2 - 4*n. Calculate f(b).
10
Let d(s) be the second derivative of -43*s**5/20 - s**4/12 - s**3/6 - s**2/2 + 452*s. Determine d(-1).
42
Let d(n) be the second derivative of -n**4/6 + 3*n**2/2 - 273*n. Calculate d(-2).
-5
Let d(a) = 2*a**2 - 12*a - 6. Let t = 198 + -192. What is d(t)?
-6
Let r = -97 + 101. Let o(y) = 7*y + 17. Let n(t) = -3*t - 8. Let v(b) = r*o(b) + 10*n(b). What is v(-5)?
-2
Let h(w) = -w**2 - 6*w - 3. Let z = 122 + -115. Let d(r) = -r**3 + 8*r**2 - 10*r + 17. Let i be d(z). Calculate h(i).
5
Let s = -7 + 8. Suppose s = -3*b + 2*n, -2*b - 4*n = 17 + 5. Let w(x) = -x**3 - 4*x**2 - 2*x - 1. Calculate w(b).
-4
Let p(r) = -r**2 + 7*r - 8 - 8 + 5*r. Let z be p(8). Let t(s) = -11*s + 20*s + z - 10*s. Calculate t(10).
6
Let i(f) = -46*f - 406. Let q be i(-9). Let o(z) = -2*z**2 + 12*z - 4. Give o(q).
-36
Let q(h) = -1. Let w(f) = -4*f - 4. Let a(u) = 4*q(u) - w(u). Let i = 6 - 10. Give a(i).
-16
Let a = 793 - 792. Let v(j) = -j**3 + j**2 - 1. What is v(a)?
-1
Let v(w) = -4*w - 32. Let i be v(-9). Let d(u) = -4*u + 1. What is d(i)?
-15
Let o(m) = -m**2 - m. Let b be (-3 - -9) + (-7 - -4). Suppose b*d - 85 = -88. What is o(d)?
0
Let o(u) be the first derivative of -u**7/840 + u**6/60 - u**4/12 - 11*u**3 - 2. Let y(j) be the third derivative of o(j). Calculate y(6).
-2
Let v = 30 + -23. Let y = v - 19. Let u = y + 4. Let c(g) = g**2 + 7*g - 7. Give c(u).
1
Let f(o) = o**2 - 5*o - 10. Let m be f(-6). Let p = m + -61. Let k(x) = x**2 + 4*x - 5. Give k(p).
0
Let v(j) be the first derivative of -j**3/3 + 2*j**2 - 3*j - 2045. Let s be (1 - -1) + 0 + 2. Give v(s).
-3
Let l(u) = u**2 + 7*u - 6. Let x(y) = -7*y**2 + 7*y - 12. Let i(o) = 3*o**2 - 4*o + 6. Let d(r) = -9*i(r) - 4*x(r). Let t(g) = -3*d(g) + 4*l(g). Determine t(4).
26
Suppose -3*a - a = -12. Suppose a = -0*x + 3*x. Let g be (0 - x)*(11 - 10). Let b(n) = -4*n**3 + 2*n**2 + n. Determine b(g).
5
Let b(p) = p**2 - 6*p + 6. Suppose 27 = f + 36. Let a be 6/f - 28/(-6). Determine b(a).
-2
Suppose 5*p + c + 1 = 2*p, 5*p - 2*c + 20 = 0. Let l be -1 + ((-6)/p - 1). Let r(v) = 10 - 10 - 3*v**3 - 1 + 12*v**3. Determine r(l).
8
Let k(u) = -2*u + 2. Let x be ((-36)/(-6))/(-1 + 2/6). Let c be 1/(-3) + 15/x. Give k(c).
6
Suppose 2*v - 15 = -13. Suppose d + c + 6 = 0, -4*d - 6 = 2*c + 10. Let u(s) = -s**2 - s + 1. Let h(b) = 5*b**2 + 3. Let q(m) = d*u(m) + v*h(m). What is q(-1)?
6
Let h(j) be the third derivative of -j**5/60 - 11*j**4/24 - 7*j**3/6 - 7*j**2. Suppose 3*d + 10 = -29*v + 33*v, 75 = -5*d - 5*v. What is h(d)?
3
Let w = -35 - -55. Let b = 19 - w. Let m(c) be the third derivative of c**4/2 - c**3/6 - c**2. Calculate m(b).
-13
Let v(r) = 17*r + 4. Let n(o) = 49*o + 11. Let y(t) = 3*n(t) - 8*v(t). What is y(1)?
12
Let r(i) = i**2 + i. Let a(d) = 6*d**2 + 7*d. Let u(j) = a(j) - 4*r(j). Determine u(-3).
9
Let q(b) = b**3 - 5*b**2 - 3*b + 12. Let s(i) = 3*i**3 - 32*i**2 - 10*i - 6. Let p be s(11). Determine q(p).
-3
Let i = 8 + -5. Suppose 2*x - 3*x + 27 = -5*s, 4*s + 20 = 0. Let o(r) = 675 + 4*r**x - 675 - r**3 - 2*r. Calculate o(i).
3
Let i(v) = 6 + v - 2*v - v - 12. Determine i(-6).
6
Let m(q) = 4*q*